n 26 is divided by 0/(-3) + (a - 2)?
2
Let n = -208 - -231. Calculate the remainder when (178/3)/(2/3) is divided by n.
20
Calculate the remainder when ((-519)/6)/((-20)/160) is divided by 59.
43
Let v = 6503 - 6497. What is the remainder when 405 is divided by v?
3
Let t be 101/11 + 4/(-22). Suppose 13 = -t*d + 103. Calculate the remainder when 99 is divided by d.
9
Let a = -65731 - -65828. Let l(k) = 9*k. Calculate the remainder when a is divided by l(1).
7
Suppose -84*x + 40*x = -10604. Calculate the remainder when 913 is divided by x.
190
Let a = -265 + 71. Let j = a - -317. Let p = j - 113. What is the remainder when p is divided by 7?
3
Suppose -5*q + 8*o = 5*o - 92, 0 = -5*o + 5. Let a(x) = -36*x + 71 - 67 - 128. What is the remainder when a(-6) is divided by q?
16
Suppose 5*d = 150 + 290. Suppose -2*w - p - 2*p + 90 = 0, 2*w = -2*p + d. Suppose 37*q + 170 = w*q. Calculate the remainder when q is divided by 13.
8
Let o = -3247 + 3249. What is the remainder when 8 is divided by o?
0
Calculate the remainder when 402 is divided by 5*(-36)/300 + (-486)/(-10).
18
Let m(j) = -412*j - 9797. What is the remainder when m(-24) is divided by 26?
13
Suppose 3*b = -5*p + 4*p + 40, -2*b - 2*p + 20 = 0. Calculate the remainder when ((-184)/(-8) + -7)/(3/42) is divided by b.
14
Let q be (12/(-14))/((-24)/112). Suppose q*k - h - 27 = 0, -4*k + 5*h = -6 - 1. Calculate the remainder when 18 is divided by k.
2
Let l = -626 + 1031. Let c = l - 361. Calculate the remainder when 140 is divided by c.
8
Suppose -10*m + 354 - 134 = 0. Suppose i - 17 = -4*s, -i = 2*s - 3*s - m. Suppose 17*n + 64 = i*n. What is the remainder when 61 is divided by n?
13
Let r(m) = 41*m. Suppose 0 = -405732*n + 405681*n + 29223. Calculate the remainder when n is divided by r(1).
40
Suppose -6*g + 13 = 1. Let h(i) = 33 + i + 17 - 17 + i**g - 3*i. Calculate the remainder when h(0) is divided by 19.
14
Suppose 11*a = 6*a. Suppose 4*i - 9*i + 175 = -5*n, a = 5*i + 4*n - 220. Calculate the remainder when i is divided by 6.
4
Suppose 5*n + 3*h - 83 = 0, 8*n - 2*h - 46 = 5*n. What is the remainder when (21/((-924)/55))/((-1)/24) is divided by n?
14
Suppose -5*j + 730 = 5*y, -127*y + 131*y = 2*j - 268. What is the remainder when 520 is divided by j?
94
Suppose 3*z + 12*z - 3360 = 0. Let u = z - 211. Calculate the remainder when u is divided by 8.
5
Let m(b) = 10*b**3 + 2*b**2 - b - 4. Let s be m(3). Let c = s + -183. What is the remainder when c is divided by 20?
18
Let m = 846 + -429. Let a = -410 + m. What is the remainder when 16 is divided by a?
2
Let f = 1062 + -288. Calculate the remainder when f is divided by 23.
15
Let d = -249 - -393. Suppose d*m = 152*m - 80. What is the remainder when 49 is divided by m?
9
Let o(d) = 2*d. Let n be o(2). Let x(u) = 12*u - 33*u + 11*u - 3 + n*u. What is the remainder when 51 is divided by x(-5)?
24
What is the remainder when (-6)/((6/9)/(((-1795)/3)/5)) is divided by 181?
172
Calculate the remainder when (((-13)/52)/(-1))/((-2)/(-4728)) is divided by 587.
4
Let p(o) = -32*o**3 - 2*o**2 - 96*o - 285. What is the remainder when p(-3) is divided by 61?
56
Let p(x) = 141*x + 3639. Let d(u) = 3*u**3 + u**2 - 2*u + 2. Calculate the remainder when p(-24) is divided by d(2).
21
Suppose 480 = 16*m + 16*m. Suppose 15*n - 125 + 20 = 0. Calculate the remainder when m is divided by n.
1
Let p be (-702)/(-24) + ((-60)/(-16) - 3). Let z = p - 24. What is the remainder when 310 is divided by z?
4
Suppose 0 = -21*b + 577 - 31. Suppose l + 3*f - b = 0, -l - 2*f - 3*f + 34 = 0. Calculate the remainder when 377 is divided by l.
13
What is the remainder when (-780176)/(-496) + (-6)/(-93) is divided by 15?
13
Let y(d) = 24*d**2 - 1. Let z be y(-1). Suppose 6*p - z = 49. Suppose 0 = 2*r + 4*h - 38, -44 - 39 = -4*r - h. Calculate the remainder when r is divided by p.
9
Let t(d) = -9*d - 63. Calculate the remainder when 1166 is divided by t(-9).
14
Suppose -5*u - 3*a = -2*u + 90, -31 = u + 2*a. Let l = u + 34. Calculate the remainder when 49 is divided by l.
4
Let t = 2 + 13. Suppose -4*c + 2*s + 2055 = -811, -c + 720 = 3*s. Calculate the remainder when c is divided by t.
12
Let m(l) be the second derivative of 0 - l - 2/3*l**3 - 14*l**2. What is the remainder when 21 is divided by m(-9)?
5
Let s(a) = -a + 10. Let u be s(10). Suppose 3*j = 4*c - u*c + 14, -j = -3*c - 8. Suppose -60 + 28 = -j*i. Calculate the remainder when 79 is divided by i.
15
Let z(v) = -73*v + 890. Let o be z(11). Suppose -4*m = 2*d - 124, 151 = d + m + o. Suppose -2*n - 280 = -796. What is the remainder when n is divided by d?
60
Let i be 3/(-9)*-2 + 7384/39. Let q = i - 130. What is the remainder when 355 is divided by q?
55
Let r(o) = -o**2 - 8*o + 20. Calculate the remainder when (83 - 0)*31/31 is divided by r(-9).
6
Let c(z) = z**2 + 24*z - 10. Let p be c(-28). Calculate the remainder when (92/(-6))/((-68)/p) is divided by 10.
3
Let u(k) = 170*k + 75. Calculate the remainder when u(3) is divided by 141.
21
Let y = -37 + 52. Let i = -6683 - -6752. What is the remainder when i is divided by y?
9
Let v(k) = -k**3 - 8*k**2 + 6*k - 23. Let l be v(-9). What is the remainder when 212 is divided by -5 + 2 - (l - (43 + 0))?
32
Let x(h) = 11*h - 68. Suppose 0 = -7*i + 4*i + 318. Let g = 185 - i. Calculate the remainder when g is divided by x(7).
7
Suppose 0 = 3*v - 5*p - 68, p - 1 - 1 = 0. Let m(o) = -6*o**3 - 210*o**2 - 5*o - 106. Calculate the remainder when m(-35) is divided by v.
17
Let v(x) = 2*x. Let k = 10 - 5. Let s = 39174 + -39165. What is the remainder when v(k) is divided by s?
1
Let f be (-3)/(-12) - (-2)/(-8). Suppose 11*j = -f*j + 275. What is the remainder when j is divided by 9?
7
Let y = 732 + -486. Suppose y = 261*z - 258*z. What is the remainder when z is divided by 28?
26
Let d(c) = 151*c**2 - 19*c + 14. Calculate the remainder when d(15) is divided by 9.
8
Suppose 5*w + 2 + 13 = 0. Let c be ((-3)/1)/3*w. Suppose -51 = -3*a + 3*j, -c*j + 101 = 3*a + 20. What is the remainder when a is divided by 13?
9
Suppose 26*i + i = 513. Suppose -325 = 6*s - i*s. Calculate the remainder when 47 is divided by s.
22
Let c(f) = 164*f + 4354. Calculate the remainder when c(-16) is divided by 22.
14
Suppose 3*d = 51 + 51. Let y be ((-15)/(-4))/(12/16). Suppose 0*r + 2*r + 2*g - d = 0, 0 = -y*r + 4*g + 121. What is the remainder when 41 is divided by r?
20
Let r be (-81)/(-63) - 4/14. What is the remainder when 240 is divided by r*(83 - (5 - 3))?
78
Suppose 13*a - 241 - 4374 = 0. Let l = a + -230. Let s(u) = 2*u**2 - 3*u - 2. Calculate the remainder when l is divided by s(-4).
41
Suppose 2*m = -0*m + 6. Let w(f) = f**2 + 4*f - 96. Let p be w(8). Suppose -c + 39 = i, m*i + p - 15 = 0. Calculate the remainder when c is divided by 4.
2
Let l = 210 + -289. Let j = 124 + l. What is the remainder when 268 is divided by j?
43
Let r(y) = -y**3 + 6*y**2 + 3*y. Let m be r(6). Let t be 36/162 - (-356)/m. Suppose -t = 24*v - 29*v. What is the remainder when 15 is divided by v?
3
Let g = 9749 + -8151. What is the remainder when g is divided by 202?
184
Let x(u) be the second derivative of u**4/6 - 2*u**3 + 13*u**2 - 5*u. Calculate the remainder when 198 is divided by x(4).
8
Suppose -3*u - 4*c = -736, 2*u + 7*c = 4*c + 492. Suppose d + 700 = 5*p, -4*p + 4*d + 816 = u. Calculate the remainder when p is divided by 29.
23
Suppose 66 = -426*j + 435*j - 2*a, j + 6 = -2*a. Calculate the remainder when (63/4)/(3/8) is divided by j.
0
Suppose 0 = -5*n - 6 + 64 + 77. Calculate the remainder when 3940 is divided by n.
25
Let k(b) = -b**3 + b**2 - b + 1. Let a(y) = -52*y**3 + 3*y**2 - 2*y + 5. Let c(i) = -a(i) + 5*k(i). Calculate the remainder when 272 is divided by c(1).
42
Suppose -16 = 5*n - 31. Suppose 221 = 2*f - d, -4*d = -2*f + n*f - 106. Calculate the remainder when f is divided by 19.
15
Let u(l) = -9*l + 249. Let x be u(26). Suppose x*k - 21*k + 1290 = 0. Let w = -39 + 66. Calculate the remainder when k is divided by w.
26
Suppose 0 = 3*q + 4*z - z - 12, -4*q - 5*z = -16. Suppose -3*m + 5*m - 76 = 2*t, -3*m - 14*t + 29 = 0. What is the remainder when m is divided by q?
1
Let g be (-74)/(-9) - (-48)/(-216). Suppose 6*a = a + g*a. Suppose 2*n - 72 = -a*n. What is the remainder when n is divided by 19?
17
Let v(w) = 